ors of u.
13, 19, 37
Let u(p) = 16*p**2 - 22*p + 30. Let w be u(10). Suppose -324 = 2*z - w. What are the prime factors of z?
3, 181
Let h be (-110)/44*(-2872)/(-10). Let k = h + 2483. List the prime factors of k.
5, 353
Suppose 545 = -91*p + 181. Let n(f) = 3*f**3 + 4*f + 9. Let x(v) = -v**3 + v**2 + v - 1. Let t(d) = -n(d) - 2*x(d). List the prime factors of t(p).
7
Suppose -188*v + 228717 = -1277351. What are the prime factors of v?
8011
Suppose -5*z = 4*k + 1084 - 4986, k + 4*z - 970 = 0. Suppose 3*a + 4*l - k = 0, 1847 - 246 = 5*a - 3*l. List the prime factors of a.
2, 7, 23
Let t(x) = -x**2 + 16*x - 31. Let y be t(13). Let n(s) = s**2 - 8*s - 4. Let j be n(y). What are the prime factors of 7/(154/2416) + j/(-22)?
2, 5, 11
Suppose -g + 11495 = -4*r, 0*g - 4*g - 3*r + 46094 = 0. List the prime factors of g.
11519
Let y(r) = -4*r**3 + 27*r**2 + 91*r - 8. Let z(p) = -5*p**3 + 26*p**2 + 90*p - 8. Let m(c) = 6*y(c) - 5*z(c). What are the prime factors of m(-27)?
5, 11, 19
List the prime factors of 24/40 + (-346264)/(-6)*6/10.
31, 1117
Suppose 4*m + 4*y = 6*y + 28, m = -y + 13. List the prime factors of 8*(-11)/44 - -67*m.
601
Let q = -11871 + 66415. List the prime factors of q.
2, 7, 487
Let o = -357 + 357. Suppose o = 5*s - 551 - 664. What are the prime factors of s?
3
Let d(x) = 1212*x**2 + 4*x - 4. Let s be d(1). Let w = -786 + s. What are the prime factors of w?
2, 3, 71
Suppose -c + 57 = -138. Let n be 1*40/6*c/10. Suppose 0 = y - 178 + n. List the prime factors of y.
2, 3
Let m be 5/((-120)/18) - (-3)/(-12). What are the prime factors of 7592/(-13)*m/2?
2, 73
Let o = 11 + -5. Let s(p) = -55*p - 290. Let a(b) = -3*b - 17. Let t(g) = 35*a(g) - 2*s(g). What are the prime factors of t(o)?
3, 5
Let v(l) = 18*l**2 - 125*l - 7. Let n be v(7). Suppose n = -10*p + 23743 - 7503. What are the prime factors of p?
2, 7, 29
Let a = 72 + -87. What are the prime factors of (-36)/a*(-1)/(15/(-2150))?
2, 43
Suppose 306*i - 25960 = 284*i. What are the prime factors of i?
2, 5, 59
Let s = -7815 + 10069. List the prime factors of s.
2, 7, 23
Let g be 0*(-5 + 4) - 68*3. Let u = g + 876. What are the prime factors of u?
2, 3, 7
Let j be 16/(-6) - 8/24. Let a(b) be the third derivative of -11*b**4/12 + 3*b**3/2 + 2*b**2 - 55*b. List the prime factors of a(j).
3, 5
Let c(z) = z**2 + 3*z + 1867. List the prime factors of c(74).
5, 17, 89
Let p = -24 + 24. Suppose p = -o - s + 139, 4*s - s - 279 = -2*o. Suppose 9*v = 11*v - o. List the prime factors of v.
3, 23
Suppose 0 = -306*d + 346*d - 681160. List the prime factors of d.
17029
Suppose 0 = -6*d + 10*d + 4*w - 8852, 4*w + 8884 = 4*d. Suppose 6*j + 633 = d. What are the prime factors of j?
2, 3, 11
Suppose -17*k + 42781 = -183608. What are the prime factors of k?
3, 23, 193
Suppose 11*v - 1358 = 1282. Let u = v - 11. What are the prime factors of u?
229
Let k = 30030 - 17635. List the prime factors of k.
5, 37, 67
Let f = 84467 - 48758. List the prime factors of f.
3, 11903
What are the prime factors of (-20)/(-24) + (-219684)/(-72)?
2, 7, 109
Suppose 7*w + 99 = 120. Let b(a) = a**3 + a**2. Let j(o) = -6*o**3 + 3*o**2 + 5*o - 12. Let r(k) = -b(k) - j(k). What are the prime factors of r(w)?
2, 3
What are the prime factors of (-2)/20*(-15)/(-2) + (-91550)/(-8)?
11443
Suppose -55*q = -60*q + f + 65549, -5*f - 39347 = -3*q. What are the prime factors of q?
13109
Let s(l) = -33 + 3*l**2 + 8*l**2 + 6*l - 4*l**3 + 3*l**3. Let x = -1808 + 1816. List the prime factors of s(x).
3, 23
Let i(c) = 2*c**2 + 9*c + 4. Suppose 152 = 5*u - u. Suppose -o - 32 = 3*o + q, 5*q - u = 2*o. List the prime factors of i(o).
5, 17
Suppose -6521 = -4*b + 227. Let x = b + -882. Suppose -4*g - p = g - x, 0 = g - 5*p - 135. List the prime factors of g.
2, 5
Suppose 2*g = -0*g + 8, f - 17 = -5*g. Let h(o) = 71*o**2 + 7*o + 5. List the prime factors of h(f).
7, 89
Let r(b) be the first derivative of b**4/2 - 7*b**3/3 - 6*b**2 + 97*b + 251. List the prime factors of r(8).
577
Let n = -9 + 15. Let d be 8*(-2 + n/4). List the prime factors of d + -78*(-5)/10.
5, 7
Let p(u) = 304*u - 6. Let l be p(2). Let j = -5 + l. What are the prime factors of j/4 - 1*6/24?
149
Let b(p) = 3422*p**3 + 7*p**2 - 34*p + 60. List the prime factors of b(3).
3, 5, 61, 101
Let u = 135885 - 95266. What are the prime factors of u?
151, 269
Let k(v) = v**3 + 2*v**2 - 2*v - 6. Let y be k(-2). List the prime factors of y/7 - (-172416)/168.
2, 3, 19
Suppose -3*b = -23 + 86. Let m = b - -30. What are the prime factors of (-1 - 0) + (m - -8)?
2
Let l be (-6)/15 - (-4935)/25. Let q = 1751 - l. What are the prime factors of q?
2, 3, 7, 37
Let l be (9 + 9)*2/3 - 1. Let h = l - 4. Suppose -3 = 2*c - h. What are the prime factors of c?
2
Let v = -8610 - -12524. List the prime factors of v.
2, 19, 103
Suppose 103813 = 18*b - 45839. What are the prime factors of b?
2, 4157
What are the prime factors of (69/(-6))/(6/12)*-666?
2, 3, 23, 37
Let v(i) be the third derivative of i**6/120 + 3*i**5/20 - i**4/6 - i**3/3 - i**2. Suppose 47*h + 252 = 5*h. What are the prime factors of v(h)?
2, 5, 13
Suppose 3*p + 4*v - 19482 = 0, -5*p - 41*v = -37*v - 32454. List the prime factors of p.
2, 3, 23, 47
Suppose 4*k = 3*t - 15, -2*k + 5*k = 5*t - 25. Suppose 0 = t*o + 22 + 3. Let i(f) = -20*f + 19. List the prime factors of i(o).
7, 17
Let l(q) = 1194*q - 5155. List the prime factors of l(20).
5, 7, 107
Let t = -7 - -10. List the prime factors of (-4 + t - 117)/(5/(-40)).
2, 59
Suppose -2*o = -3*j + 2, -17*j + 14*j = -6. Suppose -1084 = -s - o*r, -8*s - r + 4308 = -4*s. What are the prime factors of s?
2, 269
Let l(p) = p**2 - 2*p - 66. Let m(z) = -2*z**2 + 2*z + 67. Let o(v) = -5*l(v) - 4*m(v). List the prime factors of o(-18).
2, 499
Suppose 0 = -46*c + 649834 + 472460 - 386340. What are the prime factors of c?
3, 5333
Let d(w) = 240*w**3 + w**2 + 12*w - 5. Let x be d(3). Suppose -25*h = -5*h - x. What are the prime factors of h?
2, 163
Let i be (-7 - -3)*(-52)/(-16). List the prime factors of 111*(9 + -10 - i).
2, 3, 37
Let h = -31 + 39. Suppose -2*m + 0*m - h = 0. What are the prime factors of 238/21*(-18)/m?
3, 17
Let h(w) = -w - 2. Let g be h(-11). Let p be -6 + g + (1 - 1) + 0. Suppose 0 = -4*v - 5*m + 95, -2*v = -v - p*m - 45. What are the prime factors of v?
2, 3, 5
Let r(v) = -v - 4. Let h be r(-4). Suppose h = -4*l - 3*g + 646, -g + 5*g + 8 = 0. List the prime factors of l.
163
Let k be 38504/16 - (-1)/2. Suppose k = 6*x - 1661. List the prime factors of x.
2, 3, 113
Suppose 3*c + 911 = d - 1306, 9*c + 4443 = 2*d. What are the prime factors of d?
2, 3, 23
Suppose -9*r + 30020 = 70*r. Suppose -1 = -3*i - 4*s + 2, -5*i = 4*s - 13. Suppose 0*w - w + 4*y + 61 = 0, 5*w - i*y - r = 0. List the prime factors of w.
3
Suppose 4*l + 26*a = 25*a + 3, 3*l - 2*a + 6 = 0. Suppose 0*o - 32*o + 7648 = l. What are the prime factors of o?
239
Suppose 221 = -5*l - 4*c - 185, -2*l - c = 163. Let f = l - -287. What are the prime factors of f?
5, 41
Let o be (1/7)/(4/(-14))*2. What are the prime factors of (o - -507)*7/(-168)*-12?
11, 23
Let u = -3230 + 32179. What are the prime factors of u?
28949
Let d be (12/(-2) - -6)/(-2 - 0). Suppose 0 = -2*v - 5*n + 498, -v + n + 3*n + 236 = d. List the prime factors of v.
2, 61
Let p = 323 + -317. List the prime factors of (p/9)/(6/6597).
733
Let r(w) = -w**3 + 4*w**2 + 5*w + 2. Let l be r(5). Let o be 2/l*((-20)/(-2))/2. Suppose -59 = -0*d - d + 2*x, 4*d - o*x = 230. What are the prime factors of d?
5, 11
Suppose 0 = -26*w - 31*w + 52*w + 70. What are the prime factors of w?
2, 7
Let o(a) be the second derivative of -14*a**3 - 23*a**2 + 20*a. Let x be o(-5). What are the prime factors of 214 + ((-4)/(-18) - x/(-99))?
2, 109
Let s = -10 + 10. Suppose 0 = -2*t + v + 1172, 4*t + 2*v - 2810 + 458 = s. Let l = -398 + t. What are the prime factors of l?
3, 7
Suppose 2*c = -3*d + 25596, 0 = 4*c - 5*d - 0*d - 51126. List the prime factors of c.
3, 7, 29
Let b(j) = -2372*j**3 - j**2 - 43*j - 43. What are the prime factors of b(-1)?
2371
Suppose -3*h = h - 5*h. Suppose h = 7*u - 3*u - 4, 2*f - u - 165 = 0. Suppose -4*i + 334 = -2*l, -i = -2*i + l + f. List the prime factors of i.
2, 3, 7
Let o = -133 - -140. Suppose o*h = 3706 + 795. List the prime factors of h.
643
Suppose 